{"id":660,"date":"2023-11-05T11:32:26","date_gmt":"2023-11-05T11:32:26","guid":{"rendered":"http:\/\/www.steelpower.pt\/specialist-about\/"},"modified":"2023-11-26T18:16:08","modified_gmt":"2023-11-26T18:16:08","slug":"https-www-steelpower-pt-acerca","status":"publish","type":"page","link":"https:\/\/www.steelpower.pt\/?page_id=660","title":{"rendered":"Acerca"},"content":{"rendered":"\t\t<div data-elementor-type=\"wp-page\" data-elementor-id=\"660\" class=\"elementor elementor-660\">\n\t\t\t\t<div class=\"elementor-element elementor-element-0b1cf5c e-flex e-con-boxed e-con e-parent\" data-id=\"0b1cf5c\" data-element_type=\"container\" data-e-type=\"container\" data-settings=\"{&quot;background_background&quot;:&quot;classic&quot;}\">\n\t\t\t\t\t<div class=\"e-con-inner\">\n\t\t<div class=\"elementor-element elementor-element-5ee4624 e-con-full e-flex e-con e-child\" data-id=\"5ee4624\" data-element_type=\"container\" data-e-type=\"container\">\n\t\t\t\t<div class=\"elementor-element elementor-element-ebc390c elementor-widget elementor-widget-heading\" data-id=\"ebc390c\" data-element_type=\"widget\" data-e-type=\"widget\" data-widget_type=\"heading.default\">\n\t\t\t\t<div class=\"elementor-widget-container\">\n\t\t\t\t\t<h4 class=\"elementor-heading-title elementor-size-default\">Trabalhamos para exceder as expectativas dos nossos clientes<\/h4>\t\t\t\t<\/div>\n\t\t\t\t<\/div>\n\t\t\t\t<div class=\"elementor-element elementor-element-f22b7f3 elementor-widget elementor-widget-text-editor\" data-id=\"f22b7f3\" data-element_type=\"widget\" data-e-type=\"widget\" data-widget_type=\"text-editor.default\">\n\t\t\t\t<div class=\"elementor-widget-container\">\n\t\t\t\t\t\t\t\t\t<p style=\"text-align: justify;\">As nossas instala\u00e7\u00f5es possuem atualmente uma \u00e1rea coberta de 2.500 m2, encontrando-se preparadas e apetrechadas no sentido de garantir a qualidade final dos trabalhos realizados e a natural satisfa\u00e7\u00e3o dos clientes.<\/p><p style=\"text-align: justify;\"><span style=\"font-style: inherit; font-weight: inherit; letter-spacing: 0.01em;\">Todo o processo do fabrico das estruturas met\u00e1licas \u00e9 executado na oficina situada em Fornelo \u2013 Vila do Conde. Para o efeito, a\u00a0Steel Power\u00a0possuiu nos seus quadros colaboradores com larga experi\u00eancia no ramo.<\/span><\/p><p style=\"text-align: justify;\">Possumos igualmente um vasto leque de m\u00e1quinas e equipamentos de modo a garantir uma eficaz e correta fabrica\u00e7\u00e3o das estruturas met\u00e1licas solicitadas pelos nossos clientes.<br \/>Os trabalhos de montagem das estruturas met\u00e1licas s\u00e3o realizados em obra por colaboradores especializados para o efeito.<br \/>As pe\u00e7as fabricadas na oficina s\u00e3o submetidas a um rigoroso controlo de qualidade antes da sua expedi\u00e7\u00e3o, de modo a garantir que a montagem em obra se far\u00e1 sem qualquer incidente ou problema.<\/p>\t\t\t\t\t\t\t\t<\/div>\n\t\t\t\t<\/div>\n\t\t\t\t<\/div>\n\t\t<div class=\"elementor-element elementor-element-ecd3557 e-con-full e-flex e-con e-child\" data-id=\"ecd3557\" data-element_type=\"container\" data-e-type=\"container\">\n\t\t\t\t<\/div>\n\t\t\t\t\t<\/div>\n\t\t\t\t<\/div>\n\t\t\t\t<\/div>\n\t\t","protected":false},"excerpt":{"rendered":"<p>Trabalhamos para exceder as expectativas dos nossos clientes As nossas instala\u00e7\u00f5es possuem atualmente uma \u00e1rea coberta de 2.500 m2, encontrando-se preparadas e apetrechadas no sentido de garantir a qualidade final &#8230;<\/p>\n","protected":false},"author":1,"featured_media":0,"parent":0,"menu_order":0,"comment_status":"closed","ping_status":"closed","template":"elementor_header_footer","meta":{"footnotes":""},"class_list":["post-660","page","type-page","status-publish","hentry"],"_links":{"self":[{"href":"https:\/\/www.steelpower.pt\/index.php?rest_route=\/wp\/v2\/pages\/660","targetHints":{"allow":["GET"]}}],"collection":[{"href":"https:\/\/www.steelpower.pt\/index.php?rest_route=\/wp\/v2\/pages"}],"about":[{"href":"https:\/\/www.steelpower.pt\/index.php?rest_route=\/wp\/v2\/types\/page"}],"author":[{"embeddable":true,"href":"https:\/\/www.steelpower.pt\/index.php?rest_route=\/wp\/v2\/users\/1"}],"replies":[{"embeddable":true,"href":"https:\/\/www.steelpower.pt\/index.php?rest_route=%2Fwp%2Fv2%2Fcomments&post=660"}],"version-history":[{"count":0,"href":"https:\/\/www.steelpower.pt\/index.php?rest_route=\/wp\/v2\/pages\/660\/revisions"}],"wp:attachment":[{"href":"https:\/\/www.steelpower.pt\/index.php?rest_route=%2Fwp%2Fv2%2Fmedia&parent=660"}],"curies":[{"name":"wp","href":"https:\/\/api.w.org\/{rel}","templated":true}]}}